ve of d**6/60 - d**5/60 - d**4/24 - d**3/6 + 15*d**2 - 2. Suppose 0 = -4*x - x - 5. What is f(x)?
-3
Let j(i) be the first derivative of i**4/4 - 8*i**3/3 + i**2 - 7*i + 23. Give j(8).
9
Let c(j) = -21*j**2 - 2 - 22*j**2 - 1 + 44*j**2 + 3*j. Give c(-4).
1
Let d(i) = 61 - 31 + i - 31. What is d(-6)?
-7
Let k(j) = j**2 + j + 1. Let b(w) = w**3 + 5*w**2 + 5*w + 5. Let c(t) = -b(t) + 4*k(t). Suppose g = 2*g. Suppose g*u = -u. What is c(u)?
-1
Let f = 1 - 2. Let w(l) be the third derivative of -l**6/180 - l**5/120 + l**3/2 - 3*l**2. Let m(a) be the first derivative of w(a). Determine m(f).
-1
Let y(s) = 0*s - 2*s + 0 + 1. Suppose x - 2 = 3*p, -3*p + 3*x = -5*p + 6. Suppose p*o + 5 = 5*o. Calculate y(o).
-1
Let u(d) = 2*d + 3. Let t(v) = -2*v + 6. Let w be 5*(-1 + 4)/3. Let m be t(w). Calculate u(m).
-5
Let j(f) be the second derivative of -f**5/20 + 2*f**4/3 - 5*f**3/3 + 4*f**2 - 27*f. Determine j(7).
-13
Let f(p) = -3*p**2 + 5*p. Let m(j) = -j**2 + j. Let i(x) = f(x) - 6*m(x). What is i(1)?
2
Let n(m) be the third derivative of -m**4/12 + m**3/6 - m**2. Let z(f) = f**2 - 10*f - 14. Let x be z(11). What is n(x)?
7
Let k(i) = -i**3 - i**2 + 4*i + 3. Let j = -12 - -9. Calculate k(j).
9
Let l(c) = c**2 - 7*c - 1. Suppose -2*v = 3*o - 26 - 25, -64 = -3*v - 2*o. Let n = 24 - v. Calculate l(n).
-7
Let b(r) = r - 32*r**3 + 2 - 6*r**2 + 33*r**3 - 3 - 5. Give b(6).
0
Let l(f) = 6 + f + 2*f - f + 1. Let o be l(-6). Let t(y) = -y**2 - 4*y. What is t(o)?
-5
Let o(a) = -2*a**3 - 13*a**2 + 6*a - 2. Let h be o(-7). Let l(v) = v**2 - v + 1. Let q(p) = 6*p**2 - 11*p + 8. Let r(g) = -5*l(g) + q(g). Determine r(h).
-2
Let f(b) = 0 - b**3 + 2*b**3 + 4*b**2 + 2*b - 2. Let c be 4/1*15/(-20). Give f(c).
1
Let r(a) = -a + 2. Let k = -6 + 3. Let c(d) = 2*d - 1. Let m(l) = k*r(l) - 2*c(l). Suppose -3*x + 3*p + 6 = -0*x, 5*x - 11 = 4*p. Determine m(x).
-7
Let v(w) be the second derivative of 1/12*w**4 - 9/2*w**2 + 1/6*w**3 + 0 - 6*w. Determine v(0).
-9
Let s(m) be the third derivative of m**4/6 + m**3 - m**2. Let h(u) = -u**3 - 9*u**2 - 8*u + 1. Let c be h(-8). Suppose 4*o + 17 = c. Calculate s(o).
-10
Let f be 28/42 - 14/3. Let v(c) = -c**3 - 5*c**2 - 4*c - 3. Calculate v(f).
-3
Let f(h) = -4*h. Let v(j) = -9*j + 1. Let y(a) = 7*f(a) - 3*v(a). What is y(-3)?
0
Let n(k) = -2*k + 1. Let d = -32 + 35. Give n(d).
-5
Let z(k) = -3*k - 4. Let j be z(-3). Suppose -j*w - 9 = 6. Let y(o) = o + 1. Determine y(w).
-2
Let o be -4 + 1 + 8/2. Let i(f) = -5*f**2 - 2*f + 1. What is i(o)?
-6
Let l(d) be the second derivative of -d**3/6 + 2*d**2 + 9*d. What is l(0)?
4
Suppose 4*m + 20 = -0*m. Let r(k) = -k**3 - 4*k**2 + 4*k + 1. Calculate r(m).
6
Let u(f) = f**2 - 9*f + 4. Let c(z) = 2*z + 37. Let h be c(-15). Give u(h).
-10
Let y(f) = -f**3 - 2*f**2 + 2*f + 2. Let v = 9 + -19. Let d = v + 8. What is y(d)?
-2
Let g(b) = -12*b - 1. Let f be ((-2)/6)/((-7)/(-21)). Give g(f).
11
Let j = 81/10 + -8. Let d(h) be the second derivative of -h + j*h**5 + 1/6*h**3 - h**2 - 1/4*h**4 + 0. Calculate d(2).
4
Suppose -t = 3*h - 33, -10 = 2*h - 4*h. Let v = 21 - t. Let i(a) = a**3 - 2*a**2 - 5*a + 2. Give i(v).
-4
Let b(m) be the first derivative of -m**2 + 2*m - 2. Let l = 6 - 4. Suppose 0 = 5*v - l*s - 16 - 3, 25 = 5*v - 5*s. What is b(v)?
-4
Let r(q) = 3*q - 4. Let b(n) = n**3 + 5*n**2 + 4*n + 2. Let t be b(-4). Let s(y) = t*y + 0*y - y. Let k(v) = r(v) - 6*s(v). Give k(-3).
5
Let a(l) = -1 + l**3 + 2*l**2 - 5*l**2 + 4*l**2. Let o be (9 - 0)/3 - 2. Let x be ((-2)/(-2))/o*-2. Give a(x).
-5
Let r(y) = -y**2 + 10*y - 2. Let n = -46 - -55. Determine r(n).
7
Let y(h) = 3*h + 1. Let s(q) = -4*q - 2. Let v(g) = -g + 7. Let b be v(5). Let m be (-2)/2*b + 5. Let p(d) = m*y(d) + 2*s(d). What is p(2)?
1
Let r(w) = 8 - 3*w + 6*w**2 + 4*w**3 - 7 - 3*w**3 + 8*w. Determine r(-4).
13
Let q(o) be the second derivative of 0 - 2*o + 1/2*o**2 + 1/2*o**3 + 1/12*o**4. Suppose 0 = 2*k - 3*d - 11, 0 = 4*k - 2*d - 2. What is q(k)?
-1
Let r be (-47)/(-7) + (-2)/(-7). Let t = r - 6. Let q(l) = -2*l**2 - 2*l + 1. Calculate q(t).
-3
Let k(h) = 2*h + 2. Suppose -3 = -4*p - 23. Let q(t) = -t - 3. Let x be q(p). Suppose -4*c + 12 = o, 2*o + 20 = -x*c + 5*c. Determine k(c).
10
Let q(x) = x**3 - x - 1. Let t(f) = 2*f**3 + 6*f**2 - 7*f - 2. Let c(r) = -3*q(r) + t(r). What is c(5)?
6
Let y(l) = -l**2 - 2*l + 2. Let q = -1 + -5. Let a(r) = -r**2 - 5*r + 6. Let m be a(q). Let u = -4 + m. Give y(u).
-6
Suppose 3*f = -2*f + 25. Suppose a + 40 = -f*z + 6*a, 15 = 3*a. Let q(n) = 3*n - 2. What is q(z)?
-11
Let w(p) be the first derivative of p**2/2 + 3*p + 17. What is w(-3)?
0
Suppose -9 = y - 5. Let q(v) = 4*v + 1. Let b(c) = -5*c - 2. Let o(x) = y*q(x) - 3*b(x). Calculate o(5).
-3
Suppose 4 - 1 = v. Let k(h) = h + 2. Give k(v).
5
Let b(c) = 3*c + 27. Let x be b(-9). Let g(o) = o**2 - 3. What is g(x)?
-3
Let y(g) = g**2 - 7*g + 9. Let n be y(4). Let s(x) = 5*x - 7. Let u(z) = z - 1. Let f(j) = n*u(j) + s(j). Calculate f(4).
4
Suppose 0 = s - 6*s + 260. Suppose -4*f = -36 - s. Suppose -4*i - f + 7 = -5*a, 0 = 2*a - 4*i - 6. Let n(c) = -c**2 + 5*c + 1. Calculate n(a).
7
Let l(r) = -11*r**2 + 10*r - 4. Let o(x) = 2*x**2 - x + 1. Let k(j) = -l(j) - 5*o(j). Let b = -1 - -1. Suppose -3*g - g + 16 = b. What is k(g)?
-5
Let c(j) = j**3 - 7*j**2 + 4*j + 1. Let q be 3/(-3) - (3 + -10). What is c(q)?
-11
Let f(z) be the first derivative of z**5/60 + 5*z**4/24 + z**3/3 + z**2/2 - 1. Let d(c) be the second derivative of f(c). Determine d(-5).
2
Let w(k) = -k + 3. Suppose p + 6 = -4*z + 2, 5*p = 3*z + 26. Let g(v) = v**3 - 3*v**2 + 3*v - 2. Let a be g(3). Suppose -p*y + 5 = -a. What is w(y)?
0
Let i(a) = 2*a**2 + 2. Let o be 4/8*(0 - 0). Suppose -5*m + 10 + o = 5*b, 5*m + b + 6 = 0. What is i(m)?
10
Let d be ((-6)/15)/((-2)/20). Suppose 0 = d*i + 61 + 3. Let c be ((-5)/(-4))/(4/i). Let k(p) = p**2 + 3*p - 7. What is k(c)?
3
Let f(u) = 8*u - 7. Let k(s) = -7*s + 6. Let v(d) = 6*f(d) + 7*k(d). Let x be v(-4). Let y(a) = a**3 - 5*a**2 + 5*a + 2. Give y(x).
6
Let p(g) = -3*g - 69 + 61 + 7*g. Give p(7).
20
Suppose 0 = 3*f + 12 + 3. Let h(j) = -3*j - 5. Let i(g) = -16*g - 24. Let p(y) = 11*h(y) - 2*i(y). Calculate p(f).
-2
Let t(o) be the first derivative of o**4/4 + 4*o**3/3 - o**2 + 3*o + 7. Give t(-4).
11
Let j(k) = -4*k**2 + 5 - 8*k**2 + 4*k**2 - 4. Suppose -o - 1 = t, 3 = -4*t - 5*o - 4. Let z = 3 - t. Give j(z).
-7
Let q(y) = -2*y**3 - 7*y**2 + 7*y - 4. Let o(k) = k**3 + 7*k**2 - 7*k + 3. Let g(m) = 3*o(m) + 2*q(m). Give g(6).
-5
Let x(y) be the third derivative of -y**6/120 - 3*y**5/20 - 3*y**4/8 - y**3/2 - 15*y**2. Determine x(-8).
5
Let m(b) = -b**2 + 3*b + 4. Suppose 5*p = 14 + 1. Calculate m(p).
4
Let o(p) be the third derivative of p**4/8 - 2*p**3/3 - p**2. Suppose -3*t + 15 = -0*t. Determine o(t).
11
Let v(m) = -m - 1. Suppose 3*r = 12 - 0. Suppose -30 = r*s - 10. Let c(n) = -n**3 - 6*n**2 - 6*n - 1. Let f be c(s). Give v(f).
-5
Let b(k) be the first derivative of -k**4/6 + k**3/2 + k**2 - 2. Let l(x) be the second derivative of b(x). What is l(2)?
-5
Let z(n) = 5*n**3 + 12*n**2 + 2*n + 8. Let u be 7/(-14) + 26/(-4). Let m(k) = -3*k**3 - 6*k**2 - k - 4. Let o(i) = u*m(i) - 4*z(i). What is o(6)?
-10
Let u(k) = k**3 + 4*k**2 + 2*k - 1. Let y = -2 + 4. Suppose -4*i + g + 5 = 0, g = y*i - i + 1. Suppose 2*n = w - i, 12 = -5*w - n - 0*n. Determine u(w).
3
Let b(z) = 4*z**2 + 2*z - 1. Let n = 100 + -55. Suppose -n = -9*c + 4*c. Suppose -t - s + 0*s - 1 = 0, -t - 5*s - c = 0. Give b(t).
5
Let h(t) = t**3 + 2. Let l be h(0). Suppose -4*s + 6 = -3*s - 5*m, -l*s = -3*m + 2. Let q(f) = f + 4. Calculate q(s).
0
Suppose 9 = -3*j + 6*j. Suppose y + 6 = j. Let x(b) = -4*b - 3. Calculate x(y).
9
Suppose -2*r - 5 = -r. Let g(i) be the first derivative of -i**5/60 - i**4/6 + 5*i**3/6 - 3*i**2/2 - 2. Let p(z) be the second derivative of g(z). What is p(r)?
0
Let l be 1*(-4 + 1) + 7. Let q(f) = 1 + 0*f - l*f + 7*f - 2. Let u(i) = -2*i**2 + 2*i + 1. Let x be u(2). Give q(x).
-10
Let y be (-1)/3 + (-26)/(-6). Let w = y - -1. Let k(n) = n**2 - 6*n - 4. Determine k(w).
-9
Let z(o) = -2*o - 2*o + 1 + 2*o + 6*o**3 + 0. Let v be 1 + 0 + 2 + -2. What is z(v)?
5
Let t(n) be the first derivative of n**4/4 - n**3 + 3*n**2/2 - 3*n - 1. Let p = 1 + -3. Let z be (p/(-4))/(3/12). W